454807150?
7
What is the ten thousands digit of 370940?
7
What is the ten millions digit of 42158167?
4
What is the hundred thousands digit of 35150178?
1
What is the ten millions digit of 331896769?
3
What is the hundreds digit of 107153443?
4
What is the tens digit of 125062492?
9
What is the millions digit of 3895084?
3
What is the hundreds digit of 1817627309?
3
What is the ten thousands digit of 1263402765?
0
What is the hundred thousands digit of 1680937?
6
What is the hundreds digit of 247898265?
2
What is the hundred thousands digit of 5124844?
1
What is the thousands digit of 2677610655?
0
What is the hundred thousands digit of 75535123?
5
What is the ten thousands digit of 59751705?
5
What is the hundred millions digit of 386513750?
3
What is the hundreds digit of 2929886807?
8
What is the millions digit of 234689233?
4
What is the units digit of 94569268?
8
What is the hundred millions digit of 432264305?
4
What is the ten thousands digit of 173426960?
2
What is the hundreds digit of 88305263?
2
What is the units digit of 435063?
3
What is the millions digit of 96035195?
6
What is the hundred thousands digit of 1942342708?
3
What is the tens digit of 701120509?
0
What is the ten millions digit of 142225648?
4
What is the hundred thousands digit of 230123663?
1
What is the hundreds digit of 46477145?
1
What is the thousands digit of 2605200781?
0
What is the hundreds digit of 103552220?
2
What is the units digit of 4845169072?
2
What is the ten millions digit of 133343107?
3
What is the units digit of 69779189?
9
What is the hundred millions digit of 1736277676?
7
What is the millions digit of 330939991?
0
What is the thousands digit of 34410999?
0
What is the hundred millions digit of 3398217642?
3
What is the hundreds digit of 69922634?
6
What is the ten thousands digit of 35417597?
1
What is the hundred thousands digit of 349855473?
8
What is the ten thousands digit of 139062915?
6
What is the tens digit of 124716765?
6
What is the tens digit of 1834185616?
1
What is the millions digit of 57207071?
7
What is the ten thousands digit of 482813837?
1
What is the ten millions digit of 51950398?
5
What is the thousands digit of 418682848?
2
What is the ten millions digit of 555945572?
5
What is the units digit of 417865723?
3
What is the ten millions digit of 68270829?
6
What is the millions digit of 47396217?
7
What is the ten millions digit of 1394486969?
9
What is the thousands digit of 53412225?
2
What is the ten thousands digit of 55698644?
9
What is the hundreds digit of 122274728?
7
What is the hundred thousands digit of 5047825?
0
What is the ten thousands digit of 19497364?
9
What is the ten thousands digit of 1256211415?
1
What is the units digit of 1055348967?
7
What is the hundreds digit of 69520407?
4
What is the tens digit of 594412451?
5
What is the hundred thousands digit of 149633955?
6
What is the ten millions digit of 953535242?
5
What is the units digit of 71075751?
1
What is the ten thousands digit of 566326201?
2
What is the tens digit of 43248283?
8
What is the hundreds digit of 57486822?
8
What is the hundred thousands digit of 90432387?
4
What is the ten millions digit of 815541657?
1
What is the ten millions digit of 526523138?
2
What is the units digit of 49332867?
7
What is the ten millions digit of 250457259?
5
What is the thousands digit of 97580374?
0
What is the billions digit of 2940349961?
2
What is the hundred thousands digit of 226698500?
6
What is the hundred millions digit of 1535963242?
5
What is the ten thousands digit of 973657048?
5
What is the tens digit of 516772650?
5
What is the ten thousands digit of 9506181?
0
What is the ten millions digit of 3203689273?
0
What is the units digit of 728743030?
0
What is the thousands digit of 67324459?
4
What is the millions digit of 40438182?
0
What is the ten thousands digit of 64750768?
5
What is the tens digit of 35937335?
3
What is the millions digit of 186632260?
6
What is the ten thousands digit of 839463979?
6
What is the units digit of 4131319005?
5
What is the tens digit of 2499196573?
7
What is the tens digit of 842459163?
6
What is the hundred thousands digit of 876523286?
5
What is the ten thousands digit of 426585600?
8
What is the hundred thousands digit of 1925491?
9
What is the ten thousands digit of 2721098408?
9
What is the hundred thousands digit of 725283501?
2
What is the tens digit of 99156373?
7
What is the hundred millions digit of 5290328550?
2
What is the thousands digit of 278049931?
9
What is the hundreds digit of 444085633?
6
What is the units digit of 64399834?
4
What is the units digit of 115479479?
9
What is the hundred thousands digit of 917272792?
2
What is the tens digit of 18209261?
6
What is the millions digit of 755247716?
5
What is the thousands digit of 74692675?
2
What is the ten millions digit of 80172495?
8
What is the hundred millions digit of 346947734?
3
What is the millions digit of 63670242?
3
What is the units digit of 72103852?
2
What is the hundred thousands digit of 139560165?
5
What is the units digit of 76678182?
2
What is the units digit of 959027546?
6
What is the hundred millions digit of 298121361?
2
What is the tens digit of 250821636?
3
What is the millions digit of 872541378?
2
What is the hundred millions digit of 1439986334?
4
What is the hundred thousands digit of 16842421?
8
What is the millions digit of 3296201526?
6
What is the ten thousands digit of 5965878?
6
What is the ten millions digit of 1354997554?
5
What is the tens digit of 125170466?
6
What is the ten thousands digit of 29220264?
2
What is the billions digit of 2387870510?
2
What is the hundred thousands digit of 46133069?
1
What is the ten thousands digit of 29014?
2
What is the hundred thousands digit of 1799364429?
3
What is the ten millions digit of 1807222224?
0
What is the millions digit of 59158851?
9
What is the units digit of 409424708?
8
What is the units digit of 449959?
9
What is the units digit of 7268162?
2
What is the hundreds digit of 65354277?
2
What is the ten millions digit of 212241324?
1
What is the ten thousands digit of 26213981?
1
What is the units digit of 226904595?
5
What is the units digit of 777550760?
0
What is the tens digit of 3209869446?
4
What is the tens digit of 182152928?
2
What is the hundred thousands digit of 366914454?
9
What is the hundred thousands digit of 2756354653?
3
What is the units digit of 3294755457?
7
What is the tens digit of 128095446?
4
What is the ten millions digit of 801637809?
0
What is the units digit of 398781002?
2
What is the millions digit of 699853997?
9
What is the ten millions digit of 104667654?
0
What is the ten thousands digit of 65432794?
3
What is the ten thousands digit of 13719500?
1
What is the units digit of 48607753?
3
What is the billions digit of 1517338571?
1
What is the thousands digit of 20983150?
3
What is the millions digit of 1211642882?
1
What is the thousands digit of 3953938?
3
What is the units digit of 3407302?
2
What is the ten thousands digit of 3577213182?
1
What is the units digit of 552891981?
1
What is the ten millions digit of 537620957?
3
What is the ten millions digit of 659421345?
5
What is the tens digit of 681410298?
9
What is the hundred thousands digit of 226973661?
9
What is the hundred millions digit of 421449399?
4
What is the hundred thousands digit of 334626663?
6
What is the tens digit of 75779151?
5
What is the ten thousands digit of 21992940?
9
What is the thousands digit of 1373791290?
1
What is the ten thousands digit of 916522857?
2
What is the millions digit of 4385867797?
5
What is the hundred millions digit of 1779347691?
7
What is the thousands digit of 8848520?
8
What is the ten thousands digit of 1506853042?
5
What is the tens digit of 42899510?
1
What is the millions digit of 36048764?
6
What is the ten thousands digit of 457719788?
1
What is the units digit of 191580773?
3
What is the ten millions digit of 54711433?
5
What is the tens digit of 645872199?
9
What is the hundred thousands digit of 425010199?
0
What is the units digit of 136052967?
7
What is the hundreds digit of 60347404?
4
What is the millions digit of 291842757?
1
What is the units digit of 39524906?
6
What is the ten millions digit o